*a - 7 = 0, l + 1 = -2*a - 0*a. Let p = 6 - l. List the prime factors of p.
5
Let x(q) = -6*q - 5. Let z be x(-7). What are the prime factors of (-2 + 3)*(z + 1)?
2, 19
Let s = -47 - -91. Let j = -65 + s. Let q = -12 - j. What are the prime factors of q?
3
Let m(q) = 3*q + 4. Let z be m(6). Let w = z + -9. What are the prime factors of w?
13
Let y(o) = -o**3 + o**2 - 3*o - 2. Suppose -5*n + 33 = -4*t, -13 = -t - 3*n - 0*n. What are the prime factors of y(t)?
2
Let t be (-5 - -5) + (-4)/(-2). Let o(d) = d**2 + 3*d + t*d + 2 + 0*d. List the prime factors of o(-5).
2
Let p = 7 + -10. Let v = 6 + p. Suppose -33 = -3*y - 3*j, 4*j - 11 + v = 2*y. List the prime factors of y.
2, 3
Let s(y) = 21*y + 11. List the prime factors of s(5).
2, 29
Let f(q) be the third derivative of -q**6/120 + 19*q**5/60 + q**4/24 - 8*q**3/3 - 5*q**2. What are the prime factors of f(19)?
3
Suppose 3*n - 108 = -3*n. What are the prime factors of n?
2, 3
List the prime factors of (-11)/4*-1*104/2.
11, 13
Let c(t) = t**2 - 13*t + 6. Let p be c(11). Let v = 38 + p. List the prime factors of v.
2, 11
Let o be 32/(-14) + 8/28. Let i = 1 + o. Let f = i - -21. What are the prime factors of f?
2, 5
Suppose -91 + 31 = 5*g. Let z = g + 17. List the prime factors of z.
5
Suppose -q + 3*q - 6 = -4*b, q + 3*b - 1 = 0. Let s(j) = j**2 - 2*j - 10. List the prime factors of s(q).
5
Let f(r) = r - 5. What are the prime factors of f(18)?
13
Let n(o) = 58*o + 2. What are the prime factors of n(3)?
2, 11
Let h = 10 - 8. List the prime factors of (-6 - 1)*-1*h.
2, 7
Let v(j) be the second derivative of -j**3/6 + 2*j**2 + 4*j. What are the prime factors of v(0)?
2
Suppose 3 = -3*v, -5*j + 0*v + 2*v + 162 = 0. Let s = 59 - j. List the prime factors of s.
3
Let z be (-3)/(-3 + 3 + -1). Suppose y - 20 = -z*w, w - 40 = -3*w - 4*y. Suppose 4*o - w*o = -9. List the prime factors of o.
3
Let q(m) = m - 4. Let k be q(6). Suppose -4*p - v + 6*v = -12, -3*p + 5*v = -9. Suppose -5 = -k*j + p. What are the prime factors of j?
2
Let w(j) = 5*j**2 + 25*j - 15. Let k(i) = -i**2 - 5*i + 3. Let n(b) = -11*k(b) - 2*w(b). Let y be n(-9). Suppose -2*x + y = x. List the prime factors of x.
11
Suppose a + 4*q + 2 = 0, 9 = 4*a + 5*q - 5. Let l = -1 + a. What are the prime factors of l?
5
Let a be ((-39)/4)/(6/16). Let s = a - -49. What are the prime factors of s?
23
Let n(q) = -2*q**3 - q + 2. What are the prime factors of n(-2)?
2, 5
Suppose 2*o + 3*f = -3, -o - 4*f - 4 = -5*o. Suppose -t = -2*k + 17, o*k - 5*t - 19 = -4*k. List the prime factors of k.
11
Suppose 2*p = -5*d - 66 + 153, 0 = 2*p - 2. List the prime factors of d.
17
Let y(p) = -p**2 - 4*p + 396. List the prime factors of y(0).
2, 3, 11
Let r be (10*(3 + -1))/1. Suppose r = 5*t - 4*b, 0*t - 3*b - 15 = 4*t. Suppose -6 = 5*m + 3*v - 18, -2*v - 2 = t. What are the prime factors of m?
3
What are the prime factors of -5 + 11 - 0/1?
2, 3
Let k(i) = -10*i - 14. List the prime factors of k(-7).
2, 7
Suppose -f + 2 + 0 = 0, -2*p - 5*f + 14 = 0. Let x(a) = a**3 + 3*a**2 - a. List the prime factors of x(p).
2, 3
Suppose 4*q = -0*q + 152. Let v = -21 + q. What are the prime factors of v?
17
Let p be -1*1/((-3)/6). Suppose -p*a + 3*a - 36 = 0. What are the prime factors of (a/(-8))/((-6)/8)?
2, 3
Suppose 0*t + 4*t - 588 = 0. List the prime factors of t.
3, 7
Suppose -3*v + 274 = 31. List the prime factors of v.
3
Suppose -4*o = -5*o. Suppose u - 4*u + 45 = o. List the prime factors of u.
3, 5
Let h(x) be the third derivative of 5*x**2 + 0 - 1/6*x**3 + 1/6*x**4 + 0*x. List the prime factors of h(2).
7
Let t = 102 - 42. List the prime factors of t.
2, 3, 5
Let v = 1 + -2. What are the prime factors of ((-1)/v)/((-5)/(-85))?
17
Let g = 22 - 19. What are the prime factors of g?
3
Suppose -m - 5 = -5*o + 4*m, -14 = 4*o + 5*m. List the prime factors of (-7 - o)/(-1 + 0).
2, 3
Let b(j) = -8*j - 22. What are the prime factors of b(-12)?
2, 37
Suppose 3*r - 21 + 6 = 0. Suppose -4*z = 2*t - r*z - 20, 0 = z - 2. What are the prime factors of t?
11
Suppose -7*x + 33 = -8*x. Suppose 39 = -2*m - 0*y + y, -16 = m - 4*y. Let s = m - x. List the prime factors of s.
13
Let c(l) = l**3 + 5*l**2 - 6*l + 2. Let f be c(-6). Let g = 14 - 7. Suppose -3*p - a + g = f, 3*a + 9 = -p. What are the prime factors of p?
3
Suppose -3*i + 180 = 2*i + 3*h, 3*i - 142 = 5*h. Suppose -2*p + i = -35. List the prime factors of p.
37
Let d(a) = a**3 + 11*a**2 - a - 50. List the prime factors of d(-7).
3, 17
Suppose 0*z - 18 = -3*z. Let c = z - 2. List the prime factors of c.
2
Let c = 1 + 6. List the prime factors of c.
7
Suppose 0 = -5*i - 0*i + 5. What are the prime factors of 2 - (0/i - 1)?
3
Let w = 0 + 5. Suppose 2*v + 19 = -w*s + 6, v - 2*s = -2. List the prime factors of (v/(-3))/(6/9).
2
Let l(w) = -w**2 - 4*w + 2. Let u be l(-5). Let y(v) = -v + 5. Let a(k) = 1. Let d(b) = -6*a(b) + y(b). List the prime factors of d(u).
2
Suppose -16 - 14 = -2*y. What are the prime factors of y?
3, 5
Suppose 5*v = v. Suppose v*r = 3*r + 9. Let m = r - -15. What are the prime factors of m?
2, 3
Let d(c) = -2*c**3 - 4*c**2 - 3*c - 1. Let i be d(-2). Let r = 5 - i. Let p = r + 8. What are the prime factors of p?
2
Let l = 9 + 100. What are the prime factors of l?
109
Suppose -8*r - 15 = -3*r. Let t = r - -6. List the prime factors of t.
3
Let r(y) = 4*y**3 - y**2 + 1. Let z be r(1). Let o = -2 + z. Suppose -5 + 27 = o*g. What are the prime factors of g?
11
Let b(o) = 3*o - 8. What are the prime factors of b(9)?
19
Let j = 17 - 4. List the prime factors of j.
13
Let i(u) = -u**3 - 17*u**2 - 17*u - 14. Let b be i(-16). Suppose -4*s = -b*l - 9*s + 27, -5*l + 2*s + 53 = 0. What are the prime factors of l?
11
Suppose -2*r + 33 = -41. List the prime factors of r.
37
Let y(d) = d**3 - d**2 + d - 1. Let w be y(1). Suppose -3*s + 41 = z, 4*z = -w*s + 5*s - 91. Suppose s = -5*l, 2*r + l - 1 = -0*l. List the prime factors of r.
2
Let n(k) = 2*k**2 + 3*k. Let y be n(-2). Suppose 7*h = y*h + 75. What are the prime factors of h?
3, 5
Let l(k) = -5*k - 14. Let q(z) = 6*z + 14. Let g = -18 + 11. Let b(w) = g*l(w) - 6*q(w). List the prime factors of b(11).
3
What are the prime factors of (0/1 - -16)/2?
2
Let r = 207 + -77. List the prime factors of r.
2, 5, 13
Let r(z) = -z - 66. Let d(l) = l**2 + 4*l - 5. Let s be d(-5). Let m be r(s). List the prime factors of (-12)/(-16) + m/(-8).
3
Let t(w) = -3*w + 2*w + 2*w + 6. What are the prime factors of t(6)?
2, 3
What are the prime factors of 55 - (-4 + 9 + -4)?
2, 3
Suppose t + 16 = -3*t. List the prime factors of (-276)/(-27) - t/(-18).
2, 5
Suppose 0 = -4*h - 0*h. Suppose 3*p + 2*p - 100 = h. List the prime factors of p.
2, 5
Let a(x) = -x**2 + 6*x - 1. Let m be a(5). Suppose -31 = -c - m*w + 1, -3*w - 109 = -4*c. List the prime factors of c.
2, 7
Let i(z) = -z**2 - 19*z + 2. What are the prime factors of i(-17)?
2, 3
Let p(v) = 16*v - 7. What are the prime factors of p(3)?
41
Let g = -169 - -351. List the prime factors of g.
2, 7, 13
List the prime factors of (6/(-7))/(((-161)/1470)/23).
2, 3, 5
Let b = 44 - 31. Let q = 24 - b. List the prime factors of q.
11
Let z = 23 - 17. List the prime factors of z.
2, 3
Suppose 0 = 3*l + 3 + 9, -2*l - 296 = -3*g. Suppose h = -5*h + g. List the prime factors of h.
2
Let s = 2 + 22. Suppose -3*j + s = -0*j. What are the prime factors of j*((-15)/12 + 2)?
2, 3
Let g(o) = -5*o**2 - 7*o - 3. Let w(j) = 9*j**2 + 13*j + 6. Let l(i) = -11*g(i) - 6*w(i). What are the prime factors of l(3)?
3
Let s be (8 - 0)/((-2)/(-3)). What are the prime factors of 2 + s - 2*-1?
2
Let j = -2 - -5. Suppose j*d = -s + 40, 3*d - 2*s = d + 40. What are the prime factors of d?
3, 5
Let b(k) = k + 6. What are the prime factors of b(11)?
17
Let v = 8 + -1. Suppose -9 - v = -4*u. Suppose u*t = -l - l + 12, -2*t = -5*l + 66. What are the prime factors of l?
2, 3
Suppose -7*i + 130 = -2*i. Let a = -13 + i. Let z = -9 + a. What are the prime factors of z?
2
Let m(o) = 2*o**2 - 2*o - 21. What are the prime factors of m(5)?
19
Suppose -3*t - 5*n + 102 = -2*n, 2*n = 2*t - 64. Suppose 0 = 2*x + t - 7. Let b = -9 - x. List the prime factors of b.
2
Let q = -13 - -8. Let j = 5 + q. Suppose j = -0*w - 2*w + 14. What are the prime factors of w?
7
Let d = -262 + 530. List the prime fa